(1/68). Suppose 14*c = -2*w + 17*c + 114, 5*w + 4*c - 239 = 0. What is the highest common factor of w and m?
17
Suppose 0 = 2*m + m - 99. Let x be ((-28)/56)/(-1 + (-5)/(-6)). Let p = x + 0. Calculate the highest common factor of p and m.
3
Let n be 21*40/(-140) - (-86)/2. Calculate the greatest common divisor of n and 259.
37
Let z be 2/(2/(-3)) + -405. Let r = z + 1318. Let o be r/39*(1 - -2). What is the highest common factor of o and 14?
14
Let i = 62 - -181. What is the greatest common divisor of i and 18?
9
Let t be (6/(-4))/(1/(-2)). Let g = 231 + -229. Suppose -g*d + 13 = -d + 3*w, -2*w = t*d - 18. What is the greatest common divisor of d and 2?
2
Let g = -20 + 29. Suppose -4*x + 100 = 4*n, -n + g + 1 = -2*x. Let r = 32 + -22. Calculate the greatest common divisor of r and n.
10
Suppose 18*c = 396 - 90. What is the highest common divisor of c and 323?
17
Let o be 4/2 + (44/(-11))/(-2). What is the highest common factor of o and 13?
1
Suppose 5*r - 16 = r. Let j = -12 - -16. Suppose 0 = j*g - 5*f - 1, -3*f = 5*g - f - 26. What is the greatest common factor of r and g?
4
Let y = -54 - -68. Suppose -3*x + 169 = 5*w - 4*w, -5*w - 275 = -5*x. Calculate the highest common factor of y and x.
14
Let i be 354 + 0 + 51/(-17). What is the greatest common divisor of i and 39?
39
Let r be (-2)/(-3) + 8/6. Suppose 0 = r*x + 5*c - 51, -c = -4*c - 3. Suppose -4*m = -6*m + x. What is the highest common factor of m and 7?
7
Suppose 3*j - 4*k = 104, 0 = -5*j + 5*k + 221 - 46. What is the greatest common factor of 468 and j?
36
Suppose 0 = -s - 4*d - d + 1880, 3*s + 5*d - 5590 = 0. What is the greatest common divisor of 35 and s?
35
Suppose 18*r = -13519 + 98569. What is the highest common divisor of r and 9?
9
Let r = 12 + 16. Suppose -326 - 66 = -4*u + 2*j, -5*u + 490 = -5*j. What is the highest common factor of u and r?
14
Let o be (-11 - 5)*(-6)/8. Suppose -h = h - o. Let i be (h/8)/(7/112). What is the highest common factor of 6 and i?
6
Let d be (6 + -4 + 1)*12/2. Let y be (2/(-6) - -2)*d. What is the highest common divisor of 6 and y?
6
Let w(m) = -2*m**2 - 45*m + 58. Let v be w(-22). Calculate the greatest common factor of 64 and v.
16
Let j be (-32)/16 - 1/(2/(-154)). Let v be (-59)/(-4) + (-2)/(-8). What is the greatest common factor of v and j?
15
Let t(l) be the second derivative of 3*l**4/2 + l**2/2 - 4*l. Let n be t(-1). Let d = n - -11. What is the highest common factor of 20 and d?
10
Suppose 4*r - 5*y - 981 = -233, y - 178 = -r. Suppose -3*z + 114 - 36 = 0. Calculate the highest common divisor of z and r.
26
Let c(l) = 17*l - 240. Let h be c(30). Calculate the highest common divisor of h and 10.
10
Suppose -4*i = 46 - 226. Let w be (-5)/(-1) - (-3 + -1). What is the greatest common factor of i and w?
9
Suppose -5*d + 1 = -19. Let r be (-3)/4 + 15/d. Suppose r*i - 4*m = 36, -2*i + 2*m - 60 = -7*i. What is the highest common factor of i and 2?
2
Suppose 3*v - 61 = -4*a + 40, 3*a - v - 92 = 0. Suppose 3*j = a + 22. Suppose -j + 92 = 5*f. Calculate the greatest common factor of f and 120.
15
Let q = 753 + -319. Calculate the highest common factor of q and 62.
62
Let c = 248 - 243. What is the greatest common divisor of 65 and c?
5
Suppose -4*f = 7*f - 924. Suppose -3*t = 5*r - 123, 0*t = -3*t + 3*r + 99. Calculate the highest common divisor of t and f.
12
Let u(a) = 81*a**2 - 17*a + 35. Let g be u(2). Calculate the highest common factor of 13 and g.
13
Let u = 4 + 24. Let z = 27 - u. Let y be (-5)/5*(z + 0). What is the highest common factor of y and 1?
1
Let v(o) = 45*o**3 + 4*o**2 - 8*o + 4. Let t be v(2). What is the highest common divisor of t and 52?
52
Suppose 3*w = -4*i + 121, i - 6 = -2. Calculate the highest common factor of w and 28.
7
Suppose v + 2 = 0, 3*c = v + v + 472. What is the highest common divisor of 104 and c?
52
Let a be 2860/95 - (-2)/(-19). Let l = 111 - 66. What is the highest common factor of a and l?
15
Let j = -2 + 3. Let m be (-4)/j + (-15 - -25). Suppose 5*n + 3*u = 16 - m, 3*n = 3*u + 30. Calculate the greatest common factor of n and 40.
5
Let a(q) = 5*q + 122. Let x be a(-19). What is the greatest common factor of 6 and x?
3
Let z be (21 + 301/(-14))/(1/(-36)). What is the greatest common factor of 122 and z?
2
Let y be ((-7)/2)/(2/(-4)). Suppose -4*r = -16, 5*i - 306*r + 15 = -301*r. Calculate the highest common factor of y and i.
1
Let i be ((-15)/(-10) + -1)*0. Let a be ((-10)/(-6))/(i + (-1)/(-63)). Calculate the highest common divisor of a and 42.
21
Let n(o) = o**3 + o**2 + 4. Let x be n(-3). Let k = 17 + x. Let v = 7 + k. What is the highest common divisor of v and 70?
10
Suppose 3*b = 4*v - 65, -v + 5*b + 9 + 20 = 0. Let x be 61/3 + 4/6. Calculate the greatest common factor of v and x.
7
Let u = 4 + -2. Let z be 5*1 + u + -2. Let k(m) = m**3 - 3*m**2 - 4*m + 10. Let h be k(5). Calculate the highest common divisor of h and z.
5
Let l(x) = -x**3 - 4*x**2 - 11*x - 11. Let j be l(-6). Calculate the greatest common divisor of 1016 and j.
127
Suppose -12*g + 48 = -10*g. Calculate the highest common factor of 168 and g.
24
Suppose -2*y + s + 3 = 0, -3*y - 6*s = -s - 37. Suppose 2*t - 5*v = -3*v + 14, -y*v + 14 = 3*t. What is the highest common factor of 4 and t?
2
Suppose -5*z + 2*f = -73, 4*z - 65 = -6*f + f. Suppose r + 5*x - 2 = 4*x, -r + 14 = 5*x. Let q be r/3*5*-3. What is the greatest common factor of z and q?
5
Let a = 218 - 212. What is the highest common divisor of a and 24?
6
Suppose -95 = 9*t - 10*t. Suppose -2*i = -5*i + 57. Calculate the highest common factor of t and i.
19
Let q(w) = w + 16. Let c be q(-4). Calculate the highest common divisor of 42 and c.
6
Let x = -67 + 103. What is the highest common divisor of 24 and x?
12
Let f = -452 - -842. Let q(o) = o**2 - 6*o - 33. Let r be q(12). What is the highest common factor of f and r?
39
Let w(g) = 6*g - 2 + 7*g - 5*g. Let k(l) = l**2 - 7*l - 6. Let n be k(8). Let o be w(n). Calculate the highest common factor of o and 14.
14
Let v(p) = -40*p - 39. Let d be v(-4). Let w = d - 56. Calculate the highest common factor of 52 and w.
13
Let z(l) = 4*l - 1. Let q be z(3). Suppose -w = 5*t - 183, -w - 4*t = 2*w - 527. Let j = -107 + w. Calculate the highest common factor of q and j.
11
Suppose -9 = -3*u - o + 6*o, 0 = 5*o. Suppose 4*k - 1 = u*k, g = 3*k + 6. Calculate the greatest common divisor of 9 and g.
9
Let r = -17 + 21. Suppose 4*n = 2*x + 6, -2*x - r*n + 13 = -5. Let p = x + 10. What is the greatest common factor of 39 and p?
13
Suppose -37*w - 36 = -49*w. What is the highest common divisor of 57 and w?
3
Let u(v) = v + 22. Let g be u(-10). Suppose 3*a - g = 15. Calculate the highest common divisor of 27 and a.
9
Suppose -2*v - 15*i = -10*i - 188, -3*v + i + 248 = 0. What is the highest common divisor of 12 and v?
12
Suppose -13*o = -9*o - 3*v - 1283, 0 = -4*o - 2*v + 1278. Calculate the highest common divisor of 176 and o.
16
Suppose 18 = -4*l + 5*l + 3*u, -5*l - 2*u = -116. Let m = 8 - -8. What is the highest common factor of m and l?
8
Let i be (4 + -12)*75/10. Let l be ((-14205)/i - 2/(-8)) + 3. What is the highest common divisor of 15 and l?
15
Let i be (-1 - (-28)/20)/((-3)/(-45)). Let s be i/12 - (-71)/2. Calculate the greatest common divisor of 18 and s.
18
Let n(g) = -2*g + 2. Let y be n(-2). Let u(w) = 3 + 0*w**2 - w**2 - 54*w + 48*w. Let d be u(-6). Calculate the highest common divisor of y and d.
3
Suppose -7*b = -212 + 170. What is the highest common factor of b and 264?
6
Let l be (100 - (2 + 8/4)) + 4. Calculate the highest common factor of l and 140.
20
Let a(v) = -9 - 21*v**2 + 11*v - 3*v + 11*v**2 + 24 + v**3. Let t be a(10). Let n = -65 + t. Calculate the greatest common divisor of n and 20.
10
Suppose 5*w = -4*y + 880, 0 = w + 5*y - 2*y - 176. Calculate the greatest common divisor of 33 and w.
11
Let x(n) = -209*n - 4 - 209*n + 3*n**2 + 419*n. Let g be (0 - -1)*-1 - -7. Let f be x(g). Calculate the greatest common factor of 10 and f.
10
Suppose 4*r + 5*p - p = 140, -5*p - 25 = 0. Calculate the greatest common factor of r and 64.
8
Let s(w) = 2*w**2 + 19*w + 11. Let m be s(-8). Let v(i) = i**3 + 16*i**2 + 15*i - 16. Let h be v(m). What is the highest common factor of 37 and h?
37
Suppose 154 - 3866 = -16*s. Calculate the 